96*w - 467. Calculate q(45).
28
Let q(z) = -2*z**2 + 74*z + 72. Calculate q(37).
72
Let l(d) = 438*d + 17111. What is l(-39)?
29
Let p(a) = 9*a - 34. Calculate p(5).
11
Let o(i) = -363*i - 3988. Determine o(-11).
5
Let n(h) = 5*h**2 + 505*h - 1026. What is n(-103)?
4
Let j(o) = -o**3 + o**2 + 62*o + 268. Give j(-7).
226
Let f(h) = -h**2 - 50*h + 122. Calculate f(-53).
-37
Let l(p) = 86*p + 859. Calculate l(-11).
-87
Let i(r) = -21*r + 291. Give i(18).
-87
Let i(s) = -84*s - 674. Determine i(-8).
-2
Let q(p) = p**3 - 5*p**2 + 11*p - 49. Give q(6).
53
Let h(m) = 8630*m + 8650. Calculate h(-1).
20
Let z(r) = 61*r - 5711. What is z(92)?
-99
Let j(q) = 97*q - 2368. Determine j(26).
154
Let h(k) = -k**3 - 34*k**2 + k - 18. Give h(-34).
-52
Let y(t) = -449*t + 19757. Calculate y(44).
1
Let s(k) = -8*k - 275. Give s(-36).
13
Let w(v) = v**3 - 13*v**2 - 58*v + 585. Give w(8).
-199
Let k(x) = 13*x + 126. Determine k(8).
230
Let n(k) = 8*k**2 + 45*k - 381. Determine n(-10).
-31
Let c(u) = -567*u + 3772. Calculate c(7).
-197
Let n(z) = 103*z**3 + 2*z**2 - 2*z. Give n(1).
103
Let w(s) = s**2 + 18*s + 17. Calculate w(-17).
0
Let q(i) = -8*i**3 - 6*i**2 - 11*i - 4. What is q(-1)?
9
Let g(o) = -o**3 + 16*o**2 - 44*o - 7. Calculate g(12).
41
Let u(b) = b**3 - 75*b**2 + 891*b + 552. What is u(60)?
12
Let k(v) = 158*v**3 + 28*v + 29. Give k(-1).
-157
Let f(h) = 4*h**2 + 52*h - 65. Give f(-11).
-153
Let n(w) = w**3 + 54*w**2 + 53*w. What is n(-53)?
0
Let y(v) = -7*v**2 + 68*v - 68. Calculate y(12).
-260
Let k(a) = -138*a + 900. Determine k(7).
-66
Let y(r) = 13*r + 271. Determine y(-40).
-249
Let n(x) = -2*x**3 - 37*x**2 + 14*x - 935. Give n(-20).
-15
Let q(y) = 3*y**3 - 65*y**2 - 21*y. Determine q(22).
22
Let h(b) = -2*b**3 + 31*b**2 + 80*b - 31. Determine h(18).
-211
Let m(k) = -k**3 + 13*k**2 + 5*k + 47. Give m(14).
-79
Let n(f) = -26*f + 271. Give n(8).
63
Let p(l) = -l**3 - 7*l**2 + 2*l + 29. Determine p(-7).
15
Let f(g) = 256*g + 2203. Give f(-7).
411
Let o(t) = 9*t**2 + 7*t + 3. Determine o(1).
19
Let b(l) = -127*l - 1413. Give b(-11).
-16
Let u(v) = -1649*v + 156649. Give u(95).
-6
Let s(d) = -3*d**2 + 67*d + 3. What is s(21)?
87
Let j(x) = 5*x**3 - 5*x**2 + 7. Determine j(2).
27
Let g(c) = -2*c**2 + 5*c + 10. Calculate g(-9).
-197
Let x(m) = m**3 - 8*m**2 - 2*m + 94. Give x(6).
10
Let k(d) = 21*d - 536. What is k(34)?
178
Let h(k) = -3*k**2 - 472*k + 4258. Calculate h(-166).
-58
Let q(m) = 4*m + 12. What is q(3)?
24
Let q(d) = -d**2 + 103*d - 1016. What is q(10)?
-86
Let v(o) = 4*o**3 + 4*o**2 + o - 4. Calculate v(-2).
-22
Let j(w) = 2*w**2 - 273*w - 4195. Calculate j(-14).
19
Let l(o) = -o**2 - 90*o - 1096. Calculate l(-15).
29
Let j(i) = 6*i**2 + 136*i + 11. Determine j(-22).
-77
Let z(b) = 3*b**2 + 338*b + 2123. What is z(-106)?
3
Let y(d) = -42*d + 4492. Determine y(107).
-2
Let u(l) = 107*l - 111. What is u(-2)?
-325
Let p(i) = -i**3 - 9*i**2 + 13*i + 83. Calculate p(-9).
-34
Let w(d) = -d**3 - 7*d**2 - 10*d - 56. Determine w(-7).
14
Let k(h) = h**3 + 2*h**2 - 3*h - 14. Give k(0).
-14
Let b(x) = -46*x - 1207. Calculate b(-27).
35
Let l(j) = -2*j**3 + 24*j**2 + 64*j - 2. Determine l(14).
110
Let v(m) = -m**3 - 7*m**2 + 6*m + 15. What is v(-5)?
-65
Let p(q) = 4469*q - 53644. Determine p(12).
-16
Let p(u) = -7*u + 28. What is p(-20)?
168
Let s(w) = -278*w**2 + 289*w - 2. Give s(1).
9
Let n(a) = -320*a - 258. Calculate n(-1).
62
Let f(i) = i**3 - 48*i**2 + 97*i + 105. Give f(46).
335
Let k(h) = 4*h**2 + 34*h - 1262. What is k(-23)?
72
Let r(k) = 4*k**3 + 25*k + 129. Calculate r(-4).
-227
Let n(h) = 17*h + 556. Determine n(18).
862
Let k(f) = f**3 - 8*f**2 - 15*f - 20. Determine k(6).
-182
Let n(l) = -6*l + 630. Give n(41).
384
Let u(h) = h**2 - 84*h + 1031. Calculate u(15).
-4
Let s(a) = -3*a**2 - 6*a + 30. Give s(3).
-15
Let v(m) = 88*m + 661. Give v(-7).
45
Let w(i) = -40*i - 202. Give w(-5).
-2
Let m(h) = 129*h - 1021. Calculate m(8).
11
Let w(y) = -2*y**3 - 34*y**2 - 3*y - 37. Calculate w(-17).
14
Let d(c) = c**3 - 3*c**2 - 108*c - 3. What is d(12)?
-3
Let t(l) = -l - 6. Calculate t(3).
-9
Let n(d) = 38*d - 598. Determine n(16).
10
Let m(j) = -10*j + 403. Calculate m(31).
93
Let x(r) = 2*r**3 - 15*r**2 - 25*r + 171. Calculate x(5).
-79
Let k(o) = 2*o**2 - 18*o - 56. Give k(15).
124
Let a(b) = -4*b**3 - 86*b**2 - 123*b - 51. Give a(-20).
9
Let b(q) = 47*q + 924. What is b(-19)?
31
Let j(o) = -o**2 - 29*o - 196. Calculate j(-19).
-6
Let f(h) = 110*h**2 - 4*h + 2. What is f(1)?
108
Let y(t) = -2*t**3 + 35*t**2 + 60*t - 58. Give y(19).
-1
Let c(v) = -3*v**3 + 13*v**2 - 18*v - 8. What is c(2)?
-16
Let u(a) = -a**3 - 2*a**2 - 7*a - 23. Determine u(-3).
7
Let x(h) = -h**2 + 22*h - 64. Give x(8).
48
Let j(s) = 2*s**2 - 22*s + 11. Give j(9).
-25
Let c(m) = 23*m - 271. Determine c(17).
120
Let q(p) = -6*p**2 - 378*p - 302. Determine q(-62).
70
Let t(b) = -623*b - 12417. Give t(-20).
43
Let y(r) = 3*r**2 - 54*r + 152. What is y(14)?
-16
Let v(j) = 2614*j + 26135. Give v(-10).
-5
Let y(c) = -888*c + 36408. Calculate y(41).
0
Let a(l) = -3*l**3 - 14*l**2 + 24*l - 17. Determine a(-7).
158
Let t(q) = 7*q**2 + 127*q - 382. Calculate t(3).
62
Let t(v) = 10*v**2 + 23*v - 251. Determine t(4).
1
Let x(n) = 74*n - 757. What is x(10)?
-17
Let z(o) = 101*o - 560. Give z(7).
147
Let g(a) = -a**3 - 77*a**2 - 675*a - 42. Calculate g(-10).
8
Let m(x) = -557*x - 85780. What is m(-154)?
-2
Let m(n) = n**3 - n**2 + 4*n. Determine m(-2).
-20
Let g(v) = -5*v**3 - 198*v**2 + 1101*v + 8. Give g(5).
-62
Let o(y) = -y**2 + 17*y + 359. Give o(-12).
11
Let j(z) = -z**3 + 14*z**2 - 42*z - 33. Determine j(6).
3
Let b(a) = -11*a**3 + 2*a**2 - 43*a + 45. Give b(1).
-7
Let c(p) = -2*p**3 - 9*p**2 + 19*p - 10. Calculate c(2).
-24
Let x(j) = -5*j**3 - 90*j**2 + 12*j + 14. Give x(-18).
-202
Let o(t) = 90*t**3 + 4*t - 3. Determine o(1).
91
Let q(l) = 29*l**3 - 10*l**2 - 14*l - 3. Determine q(-2).
-247
Let k(z) = -726*z + 678. What is k(1)?
-48
Let x(j) = -j**3 - 12*j**2 + 24*j + 124. Determine x(-13).
-19
Let g(j) = 2*j**2 + 10*j - 207. Calculate g(8).
1
Let c(n) = 4*n**2 + 58*n + 7. Calculate c(-15).
37
Let f(j) = 476*j - 2413. Determine f(5).
-33
Let z(n) = -6*n**2 - 48*n + 24. Determine z(-12).
-264
Let v(f) = 4*f**3 - 4*f**2 - 162*f + 163. Give v(1).
1
Let o(c) = -884*c - 892. Calculate o(-1).
-8
Let v(n) = -13*n + 84. What is v(17)?
-137
Let z(r) = -6*r + 881. What is z(83)?
383
Let g(q) = q**3 + q**2 + 8*q - 12. Determine g(4).
100
Let n(f) = -f + 9. Calculate n(13).
-4
Let a(p) = -p**3 + 7*p**2 + 117*p - 157. Calculate a(14).
109
Let f(g) = -18*g + 248. Determine f(13).
14
Let q(g) = 2*g**3 - 11*g**2 + 20*g - 36. Determine q(4).
-4
Let s(n) = -n**3 + 4*n**2 - 31*n + 52. Give s(2).
-2
Let g(i) = -13*i - 7. Calculate g(8).
-111
Let r(u) = 290*u - 53941. Determine r(186).
-1
Let d(n) = -9*n**2 - 227*n - 36. Calculate d(-25).
14
Let u(d) = -2*d**2 - 2*d - 6. Give u(3).
-30
Let y(a) = 17*a + 275. Give y(-19).
-48
Let l(h) = 6*h - 948. Calculate l(41).
-702
Let p(w) = -w + 79. Give p(47).
32
Let c(d) = 5*d + 197. Determine c(-45).
-28
Let m(r) = 94*r - 4583. Calculate m(49).
23
Let m(s) = -5*s**2 + 22*s - 30. Calculate m(2).
-6
Let t(l) = l**3 + l**2 - 63*l - 127. Give t(-2).
-5
Let l(z) = -35*z**3 + 8*z**2 - 44*z + 75. Give l(2).
-261
Let o(b) = 968*b + 8689. Determine o(-9).
-23
Let z(a) = 11*a**2 - 4*a - 6. Determine z(-3).
105
Let t(m) = 17*m**3 - 4*m**2 - 2*m - 1. Determine t(1).
10
Let g(a) = 84*a**3 - 31*a**2 + 64*a + 1. Calculate g(2).
677
Let c(b) = 64*b - 762. Calculate c(12).
6
Let f(s) = s**3 - 35*s**2 + 28*s + 181. Give f(34).
-23
Let g(c) = 619*c - 3219. Give g(5).
-124
Let l(c) = -c**3 + 53*c**2 - 136*c - 681. What is l(50)?
19
Let m(l) = -294*l - 252. Calculate m(-1).
42
Let y(d) = 32858*d + 295710. Give y(-9).
-12
Let n(x) = 368*x - 1504. What is n(4)?
-32
Let j(v) = -62*v**2 + 503*v - 6. What is j(8)?
50
Let y(h) = 10*h**2 - 175*h + 694. Give y(4).
154
Let j(u) = -2*u**2 - 207*u - 3531. Calculate j(-82).
-5
Let d(s) = -2*s**3 + 18*s**2 + 270*s + 46. Determine d(17).
12
Let v(c) = c**3 + 69*c**2 - 81*c - 1036. Give v(-70).
-266
Let w(j) = j**3 - 7*j**2 - 5*j + 1. Calculate w(-4).
-155
Let d(i) = -16850*i - 101083. Give d(-6).
17
Let k(f) = f**3 - 11*f**2 - 22*f + 7. Give k